{"id":3722,"date":"2026-03-22T19:05:32","date_gmt":"2026-03-22T18:05:32","guid":{"rendered":"https:\/\/karateclubcorbas.com\/kcc_wp\/?page_id=3722"},"modified":"2026-04-30T10:47:45","modified_gmt":"2026-04-30T09:47:45","slug":"nospartenaires","status":"publish","type":"page","link":"http:\/\/karateclubcorbas.com\/kcc_wp\/nospartenaires\/","title":{"rendered":"Nos Partenaires &#038; Sponsors"},"content":{"rendered":"<p><div class=\"fusion-fullwidth fullwidth-box fusion-builder-row-1 hundred-percent-fullwidth non-hundred-percent-height-scrolling\" style=\"background-color: rgba(255,255,255,0);background-position: center center;background-repeat: no-repeat;padding-top:30px;padding-right:0px;padding-bottom:50px;padding-left:0px;margin-bottom: 0px;margin-top: 0px;border-width: 0px 0px 0px 0px;border-color:#eae9e9;border-style:solid;\" ><div class=\"fusion-builder-row fusion-row\"><div class=\"fusion-layout-column fusion_builder_column fusion-builder-column-0 fusion_builder_column_1_1 1_1 fusion-one-full fusion-column-first fusion-column-last fusion-column-no-min-height\" style=\"margin-top:0px;margin-bottom:0px;\"><div class=\"fusion-column-wrapper fusion-flex-column-wrapper-legacy\" style=\"background-position:left top;background-repeat:no-repeat;-webkit-background-size:cover;-moz-background-size:cover;-o-background-size:cover;background-size:cover;padding: 0px 0px 0px 0px;\"><style type=\"text\/css\"><\/style><div class=\"fusion-title title fusion-title-1 fusion-title-center fusion-title-text fusion-title-size-one\" style=\"margin-top:0px;margin-right:0px;margin-bottom:20px;margin-left:0px;\"><div class=\"title-sep-container title-sep-container-left\"><div class=\"title-sep sep-single sep-solid\" style=\"border-color:#ae895d;\"><\/div><\/div><h1 class=\"title-heading-center fusion-responsive-typography-calculated\" style=\"margin:0;--fontSize:34;line-height:1.41;\"><div class=\"ls-publish\">\n<div class=\"ls-save-shortcode\">\n<h2 style=\"text-align: center;\"><strong>Nos Partenaires &amp; Sponsors<\/strong><\/h2>\n<\/div>\n<\/div><\/h1><div class=\"title-sep-container title-sep-container-right\"><div class=\"title-sep sep-single sep-solid\" style=\"border-color:#ae895d;\"><\/div><\/div><\/div><div class=\"fusion-text fusion-text-1\"><h5 style=\"font-weight: 400;\">Ils soutiennent le Karat\u00e9 Club Corbas et contribue activement \u00e0 son d\u00e9veloppement.<\/h5>\n<h5 style=\"font-weight: 400;\">Gr\u00e2ce \u00e0 leur engagement, le club continue de grandir, d\u2019innover et de proposer des projets ambitieux.<\/h5>\n<h5 style=\"font-weight: 400;\">Leur soutien est un v\u00e9ritable moteur pour nos adh\u00e9rents et nos actions.<\/h5>\n<h5 style=\"font-weight: 400;\">Merci \u00e0 tous partenaires et sponsors pour leur confiance.<\/h5>\n<\/div><div class=\"fusion-section-separator section-separator triangle fusion-section-separator-1\"><div class=\"fusion-section-separator-svg\" style=\"border-bottom:1px solid #ae895d;margin-left: 0px;margin-right: 0px;\"><div class=\"divider-candy-arrow bottom\" style=\"top:0px;border-top-color: #ae895d;\"><\/div><div class=\"divider-candy bottom\" style=\"bottom:-21px;border-bottom:1px solid #ae895d;border-left:1px solid #ae895d;\"><\/div><\/div><div class=\"fusion-section-separator-spacer\"><div class=\"fusion-section-separator-spacer-height\" style=\"height:1px;\"><\/div><\/div><\/div><div class=\"fusion-clearfix\"><\/div><\/div><\/div><\/div><\/div><div class=\"fusion-fullwidth fullwidth-box fusion-builder-row-2 hundred-percent-fullwidth non-hundred-percent-height-scrolling\" style=\"background-color: #ffffff;background-position: center center;background-repeat: no-repeat;padding-top:0px;padding-right:5px;padding-bottom:0px;padding-left:5px;margin-bottom: 0px;margin-top: 0px;border-width: 0px 0px 0px 0px;border-color:#eae9e9;border-style:solid;\" ><div class=\"fusion-builder-row fusion-row\"><div class=\"fusion-layout-column fusion_builder_column fusion-builder-column-1 fusion_builder_column_2_3 2_3 fusion-two-third fusion-column-first\" style=\"width:66.666666666667%;width:calc(66.666666666667% - ( ( 4% ) * 0.66666666666667 ) );margin-right: 4%;margin-top:10px;margin-bottom:10px;\"><div class=\"fusion-column-wrapper fusion-flex-column-wrapper-legacy\" style=\"background-image: url(&#039;http:\/\/karateclubcorbas.com\/kcc_wp\/wp-content\/uploads\/2026\/03\/or.jpg&#039;);background-position:center center;background-repeat:repeat;background-color:#e2e2e2;border-width: 2px 2px 2px 2px;border-color:#edbd00;border-style:solid;padding: 50px 0px 50px 0px;\" data-bg-url=\"http:\/\/karateclubcorbas.com\/kcc_wp\/wp-content\/uploads\/2026\/03\/or.jpg\"><div class=\"fusion-column-content-centered\"><div class=\"fusion-column-content\"><div class=\"fusion-person person fusion-person-center fusion-person-1 fusion-person-icon-top\"><div class=\"person-shortcode-image-wrapper\"><div class=\"person-image-container hover-type-zoomin glow person-rounded-overflow\" style=\"-webkit-border-radius:15px;-moz-border-radius:15px;border-radius:15px;border:7px solid #d69a04;-webkit-box-shadow: 0 0 3px rgba(255,255,255,0.3);box-shadow: 0 0 3px rgba(255,255,255,0.3);-webkit-border-radius:15px;-moz-border-radius:15px;border-radius:15px;\"><img decoding=\"async\" class=\"person-img img-responsive wp-image-3742\" width=\"700\" height=\"500\" src=\"http:\/\/karateclubcorbas.com\/kcc_wp\/wp-content\/uploads\/2026\/03\/RAY2.png\" srcset=\"http:\/\/karateclubcorbas.com\/kcc_wp\/wp-content\/uploads\/2026\/03\/RAY2-200x143.png 200w, http:\/\/karateclubcorbas.com\/kcc_wp\/wp-content\/uploads\/2026\/03\/RAY2-400x286.png 400w, http:\/\/karateclubcorbas.com\/kcc_wp\/wp-content\/uploads\/2026\/03\/RAY2-600x429.png 600w, http:\/\/karateclubcorbas.com\/kcc_wp\/wp-content\/uploads\/2026\/03\/RAY2.png 700w\" sizes=\"(max-width: 1120px) 100vw, 700px\" \/><\/div><\/div><div class=\"person-desc\" style=\"background-color:#e2e2e2;padding:40px;margin-top:0;\"><div class=\"person-author\"><div class=\"person-author-wrapper\"><span class=\"person-name\"><\/span><span class=\"person-title\"><\/span><\/div><\/div><div class=\"person-content fusion-clearfix\">CHRISTINE RAY, FINANCES<br \/>\nPr\u00eats immobiliers, Rachats de pr\u00eats, Placements, Epargne Retraite<\/p>\n<p>1 mont\u00e9e du Ch\u00e2teau, 69720 St Bonnet de M\u00fbre<br \/>\nT. 04 72 48 80 67 &#8211; P. 06 18 23 61 34<\/div><\/div><\/div><\/div><\/div><div class=\"fusion-clearfix\"><\/div><\/div><\/div><\/div><\/div><div class=\"fusion-fullwidth fullwidth-box fusion-builder-row-3 hundred-percent-fullwidth non-hundred-percent-height-scrolling\" style=\"background-color: #ffffff;background-position: center center;background-repeat: no-repeat;padding-top:0px;padding-right:5px;padding-bottom:0px;padding-left:5px;margin-bottom: 0px;margin-top: 0px;border-width: 0px 0px 0px 0px;border-color:#eae9e9;border-style:solid;\" ><div class=\"fusion-builder-row fusion-row\"><div class=\"fusion-layout-column fusion_builder_column fusion-builder-column-2 fusion_builder_column_2_3 2_3 fusion-two-third fusion-column-first\" style=\"width:66.666666666667%;width:calc(66.666666666667% - ( ( 4% ) * 0.66666666666667 ) );margin-right: 4%;margin-top:10px;margin-bottom:10px;\"><div class=\"fusion-column-wrapper fusion-flex-column-wrapper-legacy\" style=\"background-image: url(&#039;http:\/\/karateclubcorbas.com\/kcc_wp\/wp-content\/uploads\/2026\/03\/argent.jpg&#039;);background-position:center center;background-repeat:repeat;background-color:#e2e2e2;border-width: 2px 2px 2px 2px;border-color:rgba(28,96,221,0.96);border-style:solid;padding: 25px 0px 25px 0px;\" data-bg-url=\"http:\/\/karateclubcorbas.com\/kcc_wp\/wp-content\/uploads\/2026\/03\/argent.jpg\"><div class=\"fusion-column-content-centered\"><div class=\"fusion-column-content\"><div class=\"fusion-person person fusion-person-center fusion-person-2 fusion-person-icon-top\"><div class=\"person-shortcode-image-wrapper\"><div class=\"person-image-container hover-type-zoomin glow person-rounded-overflow\" style=\"-webkit-border-radius:15px;-moz-border-radius:15px;border-radius:15px;border:2px solid rgba(23,2,216,0.98);-webkit-box-shadow: 0 0 3px rgba(255,255,255,0.3);box-shadow: 0 0 3px rgba(255,255,255,0.3);-webkit-border-radius:15px;-moz-border-radius:15px;border-radius:15px;\"><img decoding=\"async\" class=\"person-img img-responsive wp-image-3746\" width=\"540\" height=\"414\" src=\"http:\/\/karateclubcorbas.com\/kcc_wp\/wp-content\/uploads\/2026\/03\/les3Ours3.png\" srcset=\"http:\/\/karateclubcorbas.com\/kcc_wp\/wp-content\/uploads\/2026\/03\/les3Ours3-200x153.png 200w, http:\/\/karateclubcorbas.com\/kcc_wp\/wp-content\/uploads\/2026\/03\/les3Ours3-400x307.png 400w, http:\/\/karateclubcorbas.com\/kcc_wp\/wp-content\/uploads\/2026\/03\/les3Ours3.png 540w\" sizes=\"(max-width: 1120px) 100vw, 540px\" \/><\/div><\/div><div class=\"person-desc\" style=\"background-color:#e2e2e2;padding:40px;margin-top:0;\"><div class=\"person-author\"><div class=\"person-author-wrapper\"><span class=\"person-name\"><\/span><span class=\"person-title\"><\/span><\/div><\/div><div class=\"person-content fusion-clearfix\">Tabac les 3 Ours<br \/>\nD\u00e9positaire Chacom (pipes, tabac \u00e0 pipes)<br \/>\nArticles de p\u00eache, cadeaux, couteaux, jeux, Vape, CBD, FdJ<br \/>\n15 av des Fleurs, 38790 Di\u00e9moz<\/div><\/div><\/div><\/div><\/div><div class=\"fusion-clearfix\"><\/div><\/div><\/div><div class=\"fusion-layout-column fusion_builder_column fusion-builder-column-3 fusion_builder_column_1_3 1_3 fusion-one-third fusion-column-last\" style=\"width:33.333333333333%;width:calc(33.333333333333% - ( ( 4% ) * 0.33333333333333 ) );margin-top:10px;margin-bottom:10px;\"><div class=\"fusion-column-wrapper fusion-flex-column-wrapper-legacy\" style=\"background-position:left top;background-repeat:no-repeat;-webkit-background-size:cover;-moz-background-size:cover;-o-background-size:cover;background-size:cover;background-color:#e2e2e2;border-width: 1px 1px 1px 1px;border-color:rgba(139,195,74,0.9);border-style:solid;padding: 50px 0px 00px 0px;\"><div class=\"fusion-column-content-centered\"><div class=\"fusion-column-content\"><div class=\"fusion-person person fusion-person-left fusion-person-3 fusion-person-icon-top\"><div class=\"person-shortcode-image-wrapper\"><div class=\"person-image-container hover-type-zoomin glow person-rounded-overflow\" style=\"-webkit-border-radius:15px;-moz-border-radius:15px;border-radius:15px;border:2px solid rgba(154,188,84,0.86);-webkit-box-shadow: 0 0 3px rgba(255,255,255,0.3);box-shadow: 0 0 3px rgba(255,255,255,0.3);-webkit-border-radius:15px;-moz-border-radius:15px;border-radius:15px;\"><img decoding=\"async\" class=\"person-img img-responsive wp-image-3749\" width=\"380\" height=\"228\" src=\"http:\/\/karateclubcorbas.com\/kcc_wp\/wp-content\/uploads\/2026\/03\/C21_3.png\" srcset=\"http:\/\/karateclubcorbas.com\/kcc_wp\/wp-content\/uploads\/2026\/03\/C21_3-200x120.png 200w, http:\/\/karateclubcorbas.com\/kcc_wp\/wp-content\/uploads\/2026\/03\/C21_3.png 380w\" sizes=\"(max-width: 1120px) 100vw, 380px\" \/><\/div><\/div><div class=\"person-desc\" style=\"background-color:#e2e2e2;padding:40px;margin-top:0;\"><div class=\"person-author\"><div class=\"person-author-wrapper\"><span class=\"person-name\"><\/span><span class=\"person-title\"><\/span><\/div><\/div><div class=\"person-content fusion-clearfix\">CENTURY 21<br \/>\nGroupe HESTIALDI<br \/>\nGrigny &#8211; Lyon 8 &#8211; Corbas<\/p>\n<p>T. 04.72.24.30.30<br \/>\nido@century21.fr<\/div><\/div><\/div><\/div><\/div><div class=\"fusion-clearfix\"><\/div><\/div><\/div><\/div><\/div><div class=\"fusion-fullwidth fullwidth-box fusion-builder-row-4 hundred-percent-fullwidth non-hundred-percent-height-scrolling\" style=\"background-color: #ffffff;background-position: center center;background-repeat: no-repeat;padding-top:0px;padding-right:5px;padding-bottom:0px;padding-left:5px;margin-bottom: 0px;margin-top: 0px;border-width: 0px 0px 0px 0px;border-color:#eae9e9;border-style:solid;\" ><div class=\"fusion-builder-row fusion-row\"><div class=\"fusion-layout-column fusion_builder_column fusion-builder-column-4 fusion_builder_column_1_3 1_3 fusion-one-third fusion-column-first\" style=\"width:33.333333333333%;width:calc(33.333333333333% - ( ( 4% + 4% ) * 0.33333333333333 ) );margin-right: 4%;margin-top:10px;margin-bottom:10px;\"><div class=\"fusion-column-wrapper fusion-flex-column-wrapper-legacy\" style=\"background-position:left top;background-repeat:no-repeat;-webkit-background-size:cover;-moz-background-size:cover;-o-background-size:cover;background-size:cover;background-color:#e2e2e2;padding: 20px 0px 00px 0px;\"><div class=\"fusion-column-content-centered\"><div class=\"fusion-column-content\"><div class=\"fusion-person person fusion-person-left fusion-person-4 fusion-person-icon-top\"><div class=\"person-shortcode-image-wrapper\"><div class=\"person-image-container hover-type-zoomin glow person-rounded-overflow\" style=\"-webkit-border-radius:15px;-moz-border-radius:15px;border-radius:15px;border:0px solid #ffffff;-webkit-box-shadow: 0 0 3px rgba(255,255,255,0.3);box-shadow: 0 0 3px rgba(255,255,255,0.3);-webkit-border-radius:15px;-moz-border-radius:15px;border-radius:15px;\"><img decoding=\"async\" class=\"person-img img-responsive wp-image-3732\" width=\"300\" height=\"175\" src=\"http:\/\/karateclubcorbas.com\/kcc_wp\/wp-content\/uploads\/2026\/03\/peugeotgarage2.png\" alt=\"Garage de l&#039;Aviation SARL\" srcset=\"http:\/\/karateclubcorbas.com\/kcc_wp\/wp-content\/uploads\/2026\/03\/peugeotgarage2-200x117.png 200w, http:\/\/karateclubcorbas.com\/kcc_wp\/wp-content\/uploads\/2026\/03\/peugeotgarage2.png 300w\" sizes=\"(max-width: 1120px) 100vw, 300px\" \/><\/div><\/div><div class=\"person-desc\" style=\"background-color:#e2e2e2;padding:40px;margin-top:0;\"><div class=\"person-author\"><div class=\"person-author-wrapper\"><span class=\"person-name\">Garage de l'Aviation SARL<\/span><span class=\"person-title\">Agent PEUGEOT<\/span><\/div><\/div><div class=\"person-content fusion-clearfix\">R\u00e9parations<br \/>\nVente de v\u00e9hicules Neufs et d&rsquo;Occasion<br \/>\nNicolas POITRASSON<br \/>\nT 04.72.50.20.02<br \/>\npeugeot.aviation@hotmail.fr<\/div><\/div><\/div><\/div><\/div><div class=\"fusion-clearfix\"><\/div><\/div><\/div><div class=\"fusion-layout-column fusion_builder_column fusion-builder-column-5 fusion_builder_column_1_3 1_3 fusion-one-third\" style=\"width:33.333333333333%;width:calc(33.333333333333% - ( ( 4% + 4% ) * 0.33333333333333 ) );margin-right: 4%;margin-top:10px;margin-bottom:10px;\"><div class=\"fusion-column-wrapper fusion-flex-column-wrapper-legacy\" style=\"background-position:left top;background-repeat:no-repeat;-webkit-background-size:cover;-moz-background-size:cover;-o-background-size:cover;background-size:cover;background-color:#f2f2f2;padding: 20px 0px 0px 0px;\"><div class=\"fusion-column-content-centered\"><div class=\"fusion-column-content\"><div class=\"fusion-person person fusion-person-left fusion-person-5 fusion-person-icon-top\"><div class=\"person-shortcode-image-wrapper\"><div class=\"person-image-container hover-type-zoomin dropshadow person-rounded-overflow\" style=\"-webkit-border-radius:15px;-moz-border-radius:15px;border-radius:15px;border:0px solid #ffffff;-webkit-box-shadow: 3px 3px 7px rgba(255,255,255,0.3);box-shadow: 3px 3px 7px rgba(255,255,255,0.3);-webkit-border-radius:15px;-moz-border-radius:15px;border-radius:15px;\"><img decoding=\"async\" class=\"person-img img-responsive wp-image-3733\" width=\"300\" height=\"176\" src=\"http:\/\/karateclubcorbas.com\/kcc_wp\/wp-content\/uploads\/2026\/03\/Sonance2.png\" alt=\"SONANCE\" srcset=\"http:\/\/karateclubcorbas.com\/kcc_wp\/wp-content\/uploads\/2026\/03\/Sonance2-200x117.png 200w, http:\/\/karateclubcorbas.com\/kcc_wp\/wp-content\/uploads\/2026\/03\/Sonance2.png 300w\" sizes=\"(max-width: 1120px) 100vw, 300px\" \/><\/div><\/div><div class=\"person-desc\" style=\"background-color:#f2f2f2;padding:40px;margin-top:0;\"><div class=\"person-author\"><div class=\"person-author-wrapper\"><span class=\"person-name\">SONANCE<\/span><span class=\"person-title\">Audition<\/span><\/div><\/div><div class=\"person-content fusion-clearfix\">C\u00e9cile ROLHION<br \/>\nAudioproth\u00e9siste D.E<\/p>\n<p>T. 04.72.50.94.43<br \/>\nwww.sonance-audition.fr<\/div><\/div><\/div><\/div><\/div><div class=\"fusion-clearfix\"><\/div><\/div><\/div><div class=\"fusion-layout-column fusion_builder_column fusion-builder-column-6 fusion_builder_column_1_3 1_3 fusion-one-third fusion-column-last\" style=\"width:33.333333333333%;width:calc(33.333333333333% - ( ( 4% + 4% ) * 0.33333333333333 ) );margin-top:10px;margin-bottom:10px;\"><div class=\"fusion-column-wrapper fusion-flex-column-wrapper-legacy\" style=\"background-position:left top;background-repeat:no-repeat;-webkit-background-size:cover;-moz-background-size:cover;-o-background-size:cover;background-size:cover;background-color:#e2e2e2;padding: 20px 0px 0px 0px;\"><div class=\"fusion-column-content-centered\"><div class=\"fusion-column-content\"><div class=\"fusion-person person fusion-person-left fusion-person-6 fusion-person-icon-top\"><div class=\"person-shortcode-image-wrapper\"><div class=\"person-image-container hover-type-zoomin glow person-rounded-overflow\" style=\"-webkit-border-radius:15px;-moz-border-radius:15px;border-radius:15px;border:0px solid #ffffff;-webkit-box-shadow: 0 0 3px rgba(255,255,255,0.3);box-shadow: 0 0 3px rgba(255,255,255,0.3);-webkit-border-radius:15px;-moz-border-radius:15px;border-radius:15px;\"><a href=\"http:\/\/lasourcedesvins.fr\" target=\"_self\"><img decoding=\"async\" class=\"person-img img-responsive wp-image-1201\" width=\"290\" height=\"343\" src=\"http:\/\/karateclubcorbas.com\/kcc_wp\/wp-content\/uploads\/2015\/02\/sourcedesvins.png\" alt=\"La Source des Vins\" srcset=\"http:\/\/karateclubcorbas.com\/kcc_wp\/wp-content\/uploads\/2015\/02\/sourcedesvins-200x237.png 200w, http:\/\/karateclubcorbas.com\/kcc_wp\/wp-content\/uploads\/2015\/02\/sourcedesvins.png 290w\" sizes=\"(max-width: 1120px) 100vw, 290px\" \/><\/a><\/div><\/div><div class=\"person-desc\" style=\"background-color:#e2e2e2;padding:40px;margin-top:0;\"><div class=\"person-author\"><div class=\"person-author-wrapper\"><span class=\"person-name\">La Source des Vins<\/span><span class=\"person-title\">La Cave des plaisirs partag\u00e9s<\/span><\/div><\/div><div class=\"person-content fusion-clearfix\">Centre commercial les Balmes<br \/>\nCorbas<\/p>\n<p>http:\/\/lasourcedesvins.fr<br \/>\nT 04.72.51.41.31<\/p>\n<\/div><\/div><\/div><\/div><\/div><div class=\"fusion-clearfix\"><\/div><\/div><\/div><\/div><\/div><\/p>\n","protected":false},"excerpt":{"rendered":"","protected":false},"author":1,"featured_media":0,"parent":0,"menu_order":0,"comment_status":"closed","ping_status":"open","template":"100-width.php","meta":{"footnotes":""},"class_list":["post-3722","page","type-page","status-publish","hentry"],"yoast_head":"<!-- This site is optimized with the Yoast SEO plugin v27.5 - https:\/\/yoast.com\/product\/yoast-seo-wordpress\/ -->\n<title>Nos Partenaires &amp; Sponsors - Karat\u00e9 Club Corbas<\/title>\n<meta name=\"description\" content=\"A Corbas, depuis 1982, KCC, professeurs dipl\u00f4m\u00e9s, \u00e9quipe p\u00e9dagogique, le comit\u00e9 directeur, le bureau, le club, 88 ceintures noires\" \/>\n<meta name=\"robots\" content=\"index, follow, max-snippet:-1, max-image-preview:large, max-video-preview:-1\" \/>\n<link rel=\"canonical\" href=\"http:\/\/karateclubcorbas.com\/kcc_wp\/nospartenaires\/\" \/>\n<meta property=\"og:locale\" content=\"fr_FR\" \/>\n<meta property=\"og:type\" content=\"article\" \/>\n<meta property=\"og:title\" content=\"Nos Partenaires &amp; Sponsors - Karat\u00e9 Club Corbas\" \/>\n<meta property=\"og:description\" content=\"A Corbas, depuis 1982, KCC, professeurs dipl\u00f4m\u00e9s, \u00e9quipe p\u00e9dagogique, le comit\u00e9 directeur, le bureau, le club, 88 ceintures noires\" \/>\n<meta property=\"og:url\" content=\"http:\/\/karateclubcorbas.com\/kcc_wp\/nospartenaires\/\" \/>\n<meta property=\"og:site_name\" content=\"Karat\u00e9 Club Corbas\" \/>\n<meta property=\"article:modified_time\" content=\"2026-04-30T09:47:45+00:00\" \/>\n<meta name=\"twitter:label1\" content=\"Dur\u00e9e de lecture estim\u00e9e\" \/>\n\t<meta name=\"twitter:data1\" content=\"8 minutes\" \/>\n<script type=\"application\/ld+json\" class=\"yoast-schema-graph\">{\"@context\":\"https:\\\/\\\/schema.org\",\"@graph\":[{\"@type\":\"WebPage\",\"@id\":\"http:\\\/\\\/karateclubcorbas.com\\\/kcc_wp\\\/nospartenaires\\\/\",\"url\":\"http:\\\/\\\/karateclubcorbas.com\\\/kcc_wp\\\/nospartenaires\\\/\",\"name\":\"Nos Partenaires & Sponsors - Karat\u00e9 Club Corbas\",\"isPartOf\":{\"@id\":\"https:\\\/\\\/karateclubcorbas.com\\\/kcc_wp\\\/#website\"},\"datePublished\":\"2026-03-22T18:05:32+00:00\",\"dateModified\":\"2026-04-30T09:47:45+00:00\",\"description\":\"A Corbas, depuis 1982, KCC, professeurs dipl\u00f4m\u00e9s, \u00e9quipe p\u00e9dagogique, le comit\u00e9 directeur, le bureau, le club, 88 ceintures noires\",\"breadcrumb\":{\"@id\":\"http:\\\/\\\/karateclubcorbas.com\\\/kcc_wp\\\/nospartenaires\\\/#breadcrumb\"},\"inLanguage\":\"fr-FR\",\"potentialAction\":[{\"@type\":\"ReadAction\",\"target\":[\"http:\\\/\\\/karateclubcorbas.com\\\/kcc_wp\\\/nospartenaires\\\/\"]}]},{\"@type\":\"BreadcrumbList\",\"@id\":\"http:\\\/\\\/karateclubcorbas.com\\\/kcc_wp\\\/nospartenaires\\\/#breadcrumb\",\"itemListElement\":[{\"@type\":\"ListItem\",\"position\":1,\"name\":\"Accueil\",\"item\":\"https:\\\/\\\/karateclubcorbas.com\\\/kcc_wp\\\/\"},{\"@type\":\"ListItem\",\"position\":2,\"name\":\"Nos Partenaires &#038; Sponsors\"}]},{\"@type\":\"WebSite\",\"@id\":\"https:\\\/\\\/karateclubcorbas.com\\\/kcc_wp\\\/#website\",\"url\":\"https:\\\/\\\/karateclubcorbas.com\\\/kcc_wp\\\/\",\"name\":\"Karat\u00e9 Club Corbas\",\"description\":\"Le KCC, Depuis 1982\",\"publisher\":{\"@id\":\"https:\\\/\\\/karateclubcorbas.com\\\/kcc_wp\\\/#organization\"},\"alternateName\":\"KCC\",\"potentialAction\":[{\"@type\":\"SearchAction\",\"target\":{\"@type\":\"EntryPoint\",\"urlTemplate\":\"https:\\\/\\\/karateclubcorbas.com\\\/kcc_wp\\\/?s={search_term_string}\"},\"query-input\":{\"@type\":\"PropertyValueSpecification\",\"valueRequired\":true,\"valueName\":\"search_term_string\"}}],\"inLanguage\":\"fr-FR\"},{\"@type\":\"Organization\",\"@id\":\"https:\\\/\\\/karateclubcorbas.com\\\/kcc_wp\\\/#organization\",\"name\":\"Karat\u00e9 Club Corbas\",\"url\":\"https:\\\/\\\/karateclubcorbas.com\\\/kcc_wp\\\/\",\"logo\":{\"@type\":\"ImageObject\",\"inLanguage\":\"fr-FR\",\"@id\":\"https:\\\/\\\/karateclubcorbas.com\\\/kcc_wp\\\/#\\\/schema\\\/logo\\\/image\\\/\",\"url\":\"https:\\\/\\\/karateclubcorbas.com\\\/kcc_wp\\\/wp-content\\\/uploads\\\/2019\\\/10\\\/logo2019_2.png\",\"contentUrl\":\"https:\\\/\\\/karateclubcorbas.com\\\/kcc_wp\\\/wp-content\\\/uploads\\\/2019\\\/10\\\/logo2019_2.png\",\"width\":2004,\"height\":2004,\"caption\":\"Karat\u00e9 Club Corbas\"},\"image\":{\"@id\":\"https:\\\/\\\/karateclubcorbas.com\\\/kcc_wp\\\/#\\\/schema\\\/logo\\\/image\\\/\"},\"sameAs\":[\"http:\\\/\\\/www.instagram.com\\\/karateclubcorbas\"]}]}<\/script>\n<!-- \/ Yoast SEO plugin. -->","yoast_head_json":{"title":"Nos Partenaires & Sponsors - Karat\u00e9 Club Corbas","description":"A Corbas, depuis 1982, KCC, professeurs dipl\u00f4m\u00e9s, \u00e9quipe p\u00e9dagogique, le comit\u00e9 directeur, le bureau, le club, 88 ceintures noires","robots":{"index":"index","follow":"follow","max-snippet":"max-snippet:-1","max-image-preview":"max-image-preview:large","max-video-preview":"max-video-preview:-1"},"canonical":"http:\/\/karateclubcorbas.com\/kcc_wp\/nospartenaires\/","og_locale":"fr_FR","og_type":"article","og_title":"Nos Partenaires & Sponsors - Karat\u00e9 Club Corbas","og_description":"A Corbas, depuis 1982, KCC, professeurs dipl\u00f4m\u00e9s, \u00e9quipe p\u00e9dagogique, le comit\u00e9 directeur, le bureau, le club, 88 ceintures noires","og_url":"http:\/\/karateclubcorbas.com\/kcc_wp\/nospartenaires\/","og_site_name":"Karat\u00e9 Club Corbas","article_modified_time":"2026-04-30T09:47:45+00:00","twitter_misc":{"Dur\u00e9e de lecture estim\u00e9e":"8 minutes"},"schema":{"@context":"https:\/\/schema.org","@graph":[{"@type":"WebPage","@id":"http:\/\/karateclubcorbas.com\/kcc_wp\/nospartenaires\/","url":"http:\/\/karateclubcorbas.com\/kcc_wp\/nospartenaires\/","name":"Nos Partenaires & Sponsors - Karat\u00e9 Club Corbas","isPartOf":{"@id":"https:\/\/karateclubcorbas.com\/kcc_wp\/#website"},"datePublished":"2026-03-22T18:05:32+00:00","dateModified":"2026-04-30T09:47:45+00:00","description":"A Corbas, depuis 1982, KCC, professeurs dipl\u00f4m\u00e9s, \u00e9quipe p\u00e9dagogique, le comit\u00e9 directeur, le bureau, le club, 88 ceintures noires","breadcrumb":{"@id":"http:\/\/karateclubcorbas.com\/kcc_wp\/nospartenaires\/#breadcrumb"},"inLanguage":"fr-FR","potentialAction":[{"@type":"ReadAction","target":["http:\/\/karateclubcorbas.com\/kcc_wp\/nospartenaires\/"]}]},{"@type":"BreadcrumbList","@id":"http:\/\/karateclubcorbas.com\/kcc_wp\/nospartenaires\/#breadcrumb","itemListElement":[{"@type":"ListItem","position":1,"name":"Accueil","item":"https:\/\/karateclubcorbas.com\/kcc_wp\/"},{"@type":"ListItem","position":2,"name":"Nos Partenaires &#038; Sponsors"}]},{"@type":"WebSite","@id":"https:\/\/karateclubcorbas.com\/kcc_wp\/#website","url":"https:\/\/karateclubcorbas.com\/kcc_wp\/","name":"Karat\u00e9 Club Corbas","description":"Le KCC, Depuis 1982","publisher":{"@id":"https:\/\/karateclubcorbas.com\/kcc_wp\/#organization"},"alternateName":"KCC","potentialAction":[{"@type":"SearchAction","target":{"@type":"EntryPoint","urlTemplate":"https:\/\/karateclubcorbas.com\/kcc_wp\/?s={search_term_string}"},"query-input":{"@type":"PropertyValueSpecification","valueRequired":true,"valueName":"search_term_string"}}],"inLanguage":"fr-FR"},{"@type":"Organization","@id":"https:\/\/karateclubcorbas.com\/kcc_wp\/#organization","name":"Karat\u00e9 Club Corbas","url":"https:\/\/karateclubcorbas.com\/kcc_wp\/","logo":{"@type":"ImageObject","inLanguage":"fr-FR","@id":"https:\/\/karateclubcorbas.com\/kcc_wp\/#\/schema\/logo\/image\/","url":"https:\/\/karateclubcorbas.com\/kcc_wp\/wp-content\/uploads\/2019\/10\/logo2019_2.png","contentUrl":"https:\/\/karateclubcorbas.com\/kcc_wp\/wp-content\/uploads\/2019\/10\/logo2019_2.png","width":2004,"height":2004,"caption":"Karat\u00e9 Club Corbas"},"image":{"@id":"https:\/\/karateclubcorbas.com\/kcc_wp\/#\/schema\/logo\/image\/"},"sameAs":["http:\/\/www.instagram.com\/karateclubcorbas"]}]}},"_links":{"self":[{"href":"http:\/\/karateclubcorbas.com\/kcc_wp\/wp-json\/wp\/v2\/pages\/3722","targetHints":{"allow":["GET"]}}],"collection":[{"href":"http:\/\/karateclubcorbas.com\/kcc_wp\/wp-json\/wp\/v2\/pages"}],"about":[{"href":"http:\/\/karateclubcorbas.com\/kcc_wp\/wp-json\/wp\/v2\/types\/page"}],"author":[{"embeddable":true,"href":"http:\/\/karateclubcorbas.com\/kcc_wp\/wp-json\/wp\/v2\/users\/1"}],"replies":[{"embeddable":true,"href":"http:\/\/karateclubcorbas.com\/kcc_wp\/wp-json\/wp\/v2\/comments?post=3722"}],"version-history":[{"count":28,"href":"http:\/\/karateclubcorbas.com\/kcc_wp\/wp-json\/wp\/v2\/pages\/3722\/revisions"}],"predecessor-version":[{"id":3789,"href":"http:\/\/karateclubcorbas.com\/kcc_wp\/wp-json\/wp\/v2\/pages\/3722\/revisions\/3789"}],"wp:attachment":[{"href":"http:\/\/karateclubcorbas.com\/kcc_wp\/wp-json\/wp\/v2\/media?parent=3722"}],"curies":[{"name":"wp","href":"https:\/\/api.w.org\/{rel}","templated":true}]}}