{"id":816,"date":"2016-04-06T19:43:59","date_gmt":"2016-04-06T19:43:59","guid":{"rendered":"http:\/\/karateclubcorbas.com\/kcc_wp\/?page_id=816"},"modified":"2023-04-22T17:16:13","modified_gmt":"2023-04-22T16:16:13","slug":"partenaires","status":"publish","type":"page","link":"http:\/\/karateclubcorbas.com\/kcc_wp\/partenaires\/","title":{"rendered":"Partenaires"},"content":{"rendered":"<p><div class=\"fusion-fullwidth fullwidth-box fusion-builder-row-1 nonhundred-percent-fullwidth non-hundred-percent-height-scrolling\" style=\"background-color: rgba(255,255,255,0);background-position: center center;background-repeat: no-repeat;padding-top:0px;padding-right:0px;padding-bottom:0px;padding-left:0px;margin-bottom: 0px;margin-top: 0px;border-width: 0px 0px 0px 0px;border-color:#eae9e9;border-style:solid;\" ><div class=\"fusion-builder-row fusion-row\"><div class=\"fusion-layout-column fusion_builder_column fusion-builder-column-0 fusion_builder_column_1_1 1_1 fusion-one-full fusion-column-first fusion-column-last\" style=\"margin-top:0px;margin-bottom:50px;\"><div class=\"fusion-column-wrapper fusion-flex-column-wrapper-legacy\" style=\"background-position:left top;background-repeat:no-repeat;-webkit-background-size:cover;-moz-background-size:cover;-o-background-size:cover;background-size:cover;padding: 0px 0px 0px 0px;\"><div class=\"fusion-column-content-centered\"><div class=\"fusion-column-content\"><div class=\"fusion-sep-clear\"><\/div><div class=\"fusion-separator fusion-full-width-sep\" style=\"margin-left: auto;margin-right: auto;margin-top:20px;width:100%;\"><\/div><div class=\"fusion-sep-clear\"><\/div><style type=\"text\/css\"><\/style><div class=\"fusion-title title fusion-title-1 fusion-title-center fusion-title-text fusion-title-size-one\" style=\"margin-top:30px;margin-right:0px;margin-bottom:20px;margin-left:0px;\"><div class=\"title-sep-container title-sep-container-left\"><div class=\"title-sep sep-single sep-solid\" style=\"border-color:#ae895d;\"><\/div><\/div><h1 class=\"title-heading-center fusion-responsive-typography-calculated\" style=\"margin:0;--fontSize:34;line-height:1.41;\"><div class=\"ls-publish\">\n<div class=\"ls-save-shortcode\">\n<h2 style=\"text-align: center;\"><strong>Les sites partenaires<br \/>\n<\/strong><\/h2>\n<\/div>\n<\/div><\/h1><div class=\"title-sep-container title-sep-container-right\"><div class=\"title-sep sep-single sep-solid\" style=\"border-color:#ae895d;\"><\/div><\/div><\/div><div class=\"fusion-sep-clear\"><\/div><div class=\"fusion-separator fusion-full-width-sep\" style=\"margin-left: auto;margin-right: auto;margin-bottom:20px;width:100%;\"><\/div><div class=\"fusion-sep-clear\"><\/div><div class=\"fusion-section-separator section-separator triangle fusion-section-separator-1\"><div class=\"fusion-section-separator-svg\" style=\"border-bottom:1px solid #ae895d;margin-left: 0px;margin-right: 0px;\"><div class=\"divider-candy-arrow bottom\" style=\"top:0px;border-top-color: #ae895d;\"><\/div><div class=\"divider-candy bottom\" style=\"bottom:-21px;border-bottom:1px solid #ae895d;border-left:1px solid #ae895d;\"><\/div><\/div><div class=\"fusion-section-separator-spacer\"><div class=\"fusion-section-separator-spacer-height\" style=\"height:1px;\"><\/div><\/div><\/div><\/div><\/div><div class=\"fusion-clearfix\"><\/div><\/div><\/div><div class=\"fusion-layout-column fusion_builder_column fusion-builder-column-1 fusion_builder_column_1_3 1_3 fusion-one-third fusion-column-first\" style=\"width:33.333333333333%;width:calc(33.333333333333% - ( ( 4% + 4% ) * 0.33333333333333 ) );margin-right: 4%;margin-top:0px;margin-bottom:20px;\"><div class=\"fusion-column-wrapper fusion-flex-column-wrapper-legacy\" style=\"background-position:left top;background-repeat:no-repeat;-webkit-background-size:cover;-moz-background-size:cover;-o-background-size:cover;background-size:cover;padding: 0px 0px 0px 0px;\"><div class=\"fusion-column-content-centered\"><div class=\"fusion-column-content\"><div class=\"imageframe-align-center\"><span class=\" fusion-imageframe imageframe-none imageframe-1 hover-type-zoomin\"><img decoding=\"async\" width=\"410\" height=\"120\" title=\"logoblanc_Corbas\" src=\"http:\/\/karateclubcorbas.com\/kcc_wp\/wp-content\/uploads\/2023\/04\/logoblanc_Corbas.png\" class=\"img-responsive wp-image-3418\" srcset=\"http:\/\/karateclubcorbas.com\/kcc_wp\/wp-content\/uploads\/2023\/04\/logoblanc_Corbas-200x59.png 200w, http:\/\/karateclubcorbas.com\/kcc_wp\/wp-content\/uploads\/2023\/04\/logoblanc_Corbas-400x117.png 400w, http:\/\/karateclubcorbas.com\/kcc_wp\/wp-content\/uploads\/2023\/04\/logoblanc_Corbas.png 410w\" sizes=\"(max-width: 1120px) 100vw, 400px\" \/><\/span><\/div><div class=\"fusion-text fusion-text-1\"><p style=\"text-align: center;\"><a href=\"http:\/\/www.ville-corbas.fr\/\" target=\"_blank\" rel=\"noopener\">Site internet de la commune<\/a><\/p>\n<\/div><\/div><\/div><div class=\"fusion-clearfix\"><\/div><\/div><\/div><div class=\"fusion-layout-column fusion_builder_column fusion-builder-column-2 fusion_builder_column_1_3 1_3 fusion-one-third\" style=\"width:33.333333333333%;width:calc(33.333333333333% - ( ( 4% + 4% ) * 0.33333333333333 ) );margin-right: 4%;margin-top:0px;margin-bottom:20px;\"><div class=\"fusion-column-wrapper fusion-flex-column-wrapper-legacy\" style=\"background-position:left top;background-repeat:no-repeat;-webkit-background-size:cover;-moz-background-size:cover;-o-background-size:cover;background-size:cover;padding: 0px 0px 0px 0px;\"><div class=\"fusion-column-content-centered\"><div class=\"fusion-column-content\"><div class=\"imageframe-align-center\"><span class=\" fusion-imageframe imageframe-none imageframe-2 hover-type-zoomin\"><img decoding=\"async\" width=\"226\" height=\"223\" title=\"Site internet de la FEKAMT\" src=\"http:\/\/karateclubcorbas.com\/kcc_wp\/wp-content\/uploads\/2017\/10\/fek.jpg\" class=\"img-responsive wp-image-1826\" srcset=\"http:\/\/karateclubcorbas.com\/kcc_wp\/wp-content\/uploads\/2017\/10\/fek-200x197.jpg 200w, http:\/\/karateclubcorbas.com\/kcc_wp\/wp-content\/uploads\/2017\/10\/fek.jpg 226w\" sizes=\"(max-width: 1120px) 100vw, 226px\" \/><\/span><\/div><div class=\"fusion-text fusion-text-2\"><p style=\"text-align: center;\"><a href=\"http:\/\/www.fekamt.com\" target=\"_blank\" rel=\"noopener\">Site internet de la FEKAMT<\/a><\/p>\n<\/div><\/div><\/div><div class=\"fusion-clearfix\"><\/div><\/div><\/div><div class=\"fusion-layout-column fusion_builder_column fusion-builder-column-3 fusion_builder_column_1_3 1_3 fusion-one-third fusion-column-last\" style=\"width:33.333333333333%;width:calc(33.333333333333% - ( ( 4% + 4% ) * 0.33333333333333 ) );margin-top:0px;margin-bottom:20px;\"><div class=\"fusion-column-wrapper fusion-flex-column-wrapper-legacy\" style=\"background-position:left top;background-repeat:no-repeat;-webkit-background-size:cover;-moz-background-size:cover;-o-background-size:cover;background-size:cover;padding: 0px 0px 0px 0px;\"><div class=\"fusion-column-content-centered\"><div class=\"fusion-column-content\"><div class=\"imageframe-align-center\"><span class=\" fusion-imageframe imageframe-none imageframe-3 hover-type-zoomin\"><img decoding=\"async\" width=\"177\" height=\"230\" title=\"Site internet de la FFKarat\u00e9\" src=\"http:\/\/karateclubcorbas.com\/kcc_wp\/wp-content\/uploads\/2017\/10\/ffk.png\" class=\"img-responsive wp-image-1827\"\/><\/span><\/div><div class=\"fusion-text fusion-text-3\"><p style=\"text-align: center;\"><a href=\"http:\/\/www.ffkarate.fr\/\" target=\"_blank\" rel=\"noopener\">Site internet de la FFKarat\u00e9<\/a><\/p>\n<\/div><\/div><\/div><div class=\"fusion-clearfix\"><\/div><\/div><\/div><div class=\"fusion-layout-column fusion_builder_column fusion-builder-column-4 fusion_builder_column_1_3 1_3 fusion-one-third fusion-column-first\" style=\"width:33.333333333333%;width:calc(33.333333333333% - ( ( 4% + 4% ) * 0.33333333333333 ) );margin-right: 4%;margin-top:35px;margin-bottom:20px;\"><div class=\"fusion-column-wrapper fusion-flex-column-wrapper-legacy\" style=\"background-position:left top;background-repeat:no-repeat;-webkit-background-size:cover;-moz-background-size:cover;-o-background-size:cover;background-size:cover;padding: 0px 0px 0px 0px;\"><div class=\"fusion-column-content-centered\"><div class=\"fusion-column-content\"><div class=\"imageframe-align-center\"><span class=\" fusion-imageframe imageframe-none imageframe-4 hover-type-zoomin\"><img decoding=\"async\" width=\"229\" height=\"220\" title=\"Site internet du club de Peronnas\" src=\"http:\/\/karateclubcorbas.com\/kcc_wp\/wp-content\/uploads\/2017\/10\/peronnas.png\" class=\"img-responsive wp-image-1830\" srcset=\"http:\/\/karateclubcorbas.com\/kcc_wp\/wp-content\/uploads\/2017\/10\/peronnas-200x192.png 200w, http:\/\/karateclubcorbas.com\/kcc_wp\/wp-content\/uploads\/2017\/10\/peronnas.png 229w\" sizes=\"(max-width: 1120px) 100vw, 229px\" \/><\/span><\/div><div class=\"fusion-text fusion-text-4\"><p style=\"text-align: center;\"><a href=\"https:\/\/karateperonnas.wordpress.com\/\" target=\"_blank\" rel=\"noopener\">Site internet du club de Peronnas<\/a><\/p>\n<\/div><\/div><\/div><div class=\"fusion-clearfix\"><\/div><\/div><\/div><div class=\"fusion-layout-column fusion_builder_column fusion-builder-column-5 fusion_builder_column_1_3 1_3 fusion-one-third\" style=\"width:33.333333333333%;width:calc(33.333333333333% - ( ( 4% + 4% ) * 0.33333333333333 ) );margin-right: 4%;margin-top:35px;margin-bottom:20px;\"><div class=\"fusion-column-wrapper fusion-flex-column-wrapper-legacy\" style=\"background-position:left top;background-repeat:no-repeat;-webkit-background-size:cover;-moz-background-size:cover;-o-background-size:cover;background-size:cover;padding: 100px 0px 0px 0px;\"><div class=\"fusion-column-content-centered\"><div class=\"fusion-column-content\"><div class=\"imageframe-align-center\"><span class=\" fusion-imageframe imageframe-none imageframe-5 hover-type-zoomin\"><img decoding=\"async\" width=\"440\" height=\"120\" title=\"Site internet du club de Meximieux\" src=\"http:\/\/karateclubcorbas.com\/kcc_wp\/wp-content\/uploads\/2017\/10\/meximieux.png\" class=\"img-responsive wp-image-1828\" srcset=\"http:\/\/karateclubcorbas.com\/kcc_wp\/wp-content\/uploads\/2017\/10\/meximieux-200x55.png 200w, http:\/\/karateclubcorbas.com\/kcc_wp\/wp-content\/uploads\/2017\/10\/meximieux-400x109.png 400w, http:\/\/karateclubcorbas.com\/kcc_wp\/wp-content\/uploads\/2017\/10\/meximieux.png 440w\" sizes=\"(max-width: 1120px) 100vw, 400px\" \/><\/span><\/div><div class=\"fusion-text fusion-text-5\"><p style=\"text-align: center;\"><a href=\"http:\/\/karate.meximieux.free.fr\/\" target=\"_blank\" rel=\"noopener\">Site internet du club de Meximieux<\/a><\/p>\n<\/div><\/div><\/div><div class=\"fusion-clearfix\"><\/div><\/div><\/div><div class=\"fusion-layout-column fusion_builder_column fusion-builder-column-6 fusion_builder_column_1_3 1_3 fusion-one-third fusion-column-last\" style=\"width:33.333333333333%;width:calc(33.333333333333% - ( ( 4% + 4% ) * 0.33333333333333 ) );margin-top:35px;margin-bottom:20px;\"><div class=\"fusion-column-wrapper fusion-flex-column-wrapper-legacy\" style=\"background-position:left top;background-repeat:no-repeat;-webkit-background-size:cover;-moz-background-size:cover;-o-background-size:cover;background-size:cover;padding: 0px 0px 0px 0px;\"><div class=\"fusion-column-content-centered\"><div class=\"fusion-column-content\"><div class=\"imageframe-align-center\"><span class=\" fusion-imageframe imageframe-none imageframe-6 hover-type-zoomin\"><img decoding=\"async\" width=\"447\" height=\"216\" title=\"Site internet du club SKD Ozon\" src=\"http:\/\/karateclubcorbas.com\/kcc_wp\/wp-content\/uploads\/2017\/10\/ozon.jpg\" class=\"img-responsive wp-image-1829\" srcset=\"http:\/\/karateclubcorbas.com\/kcc_wp\/wp-content\/uploads\/2017\/10\/ozon-200x97.jpg 200w, http:\/\/karateclubcorbas.com\/kcc_wp\/wp-content\/uploads\/2017\/10\/ozon-400x193.jpg 400w, http:\/\/karateclubcorbas.com\/kcc_wp\/wp-content\/uploads\/2017\/10\/ozon.jpg 447w\" sizes=\"(max-width: 1120px) 100vw, 400px\" \/><\/span><\/div><div class=\"fusion-text fusion-text-6\"><p style=\"text-align: center;\"><a href=\"http:\/\/www.skdozon.fr\/karate\/\" target=\"_blank\" rel=\"noopener\">Site internet du club SKD Ozon<\/a><\/p>\n<\/div><\/div><\/div><div class=\"fusion-clearfix\"><\/div><\/div><\/div><\/div><\/div><div class=\"fusion-fullwidth fullwidth-box fusion-builder-row-2 nonhundred-percent-fullwidth non-hundred-percent-height-scrolling\" style=\"background-color: rgba(255,255,255,0);background-position: center center;background-repeat: no-repeat;padding-top:0px;padding-right:0px;padding-bottom:0px;padding-left:0px;margin-bottom: 0px;margin-top: 0px;border-width: 0px 0px 0px 0px;border-color:#eae9e9;border-style:solid;\" ><div class=\"fusion-builder-row fusion-row\"><div class=\"fusion-layout-column fusion_builder_column fusion-builder-column-7 fusion_builder_column_1_3 1_3 fusion-one-third fusion-column-first\" style=\"width:33.333333333333%;width:calc(33.333333333333% - ( ( 4% ) * 0.33333333333333 ) );margin-right: 4%;margin-top:0px;margin-bottom:20px;\"><div class=\"fusion-column-wrapper fusion-flex-column-wrapper-legacy\" style=\"background-position:left top;background-repeat:no-repeat;-webkit-background-size:cover;-moz-background-size:cover;-o-background-size:cover;background-size:cover;padding: 0px 0px 0px 0px;\"><div class=\"fusion-clearfix\"><\/div><\/div><\/div><div class=\"fusion-layout-column fusion_builder_column fusion-builder-column-8 fusion_builder_column_1_3 1_3 fusion-one-third fusion-column-last\" style=\"width:33.333333333333%;width:calc(33.333333333333% - ( ( 4% ) * 0.33333333333333 ) );margin-top:0px;margin-bottom:20px;\"><div class=\"fusion-column-wrapper fusion-flex-column-wrapper-legacy\" style=\"background-position:left top;background-repeat:no-repeat;-webkit-background-size:cover;-moz-background-size:cover;-o-background-size:cover;background-size:cover;padding: 0px 0px 0px 0px;\"><div class=\"fusion-clearfix\"><\/div><\/div><\/div><\/div><\/div><\/p>\n","protected":false},"excerpt":{"rendered":"","protected":false},"author":1,"featured_media":0,"parent":0,"menu_order":0,"comment_status":"closed","ping_status":"closed","template":"100-width.php","meta":{"footnotes":""},"class_list":["post-816","page","type-page","status-publish","hentry"],"yoast_head":"<!-- This site is optimized with the Yoast SEO plugin v27.3 - https:\/\/yoast.com\/product\/yoast-seo-wordpress\/ -->\n<title>Partenaires - Karat\u00e9 Club Corbas<\/title>\n<meta name=\"robots\" content=\"index, follow, max-snippet:-1, max-image-preview:large, max-video-preview:-1\" \/>\n<link rel=\"canonical\" href=\"http:\/\/karateclubcorbas.com\/kcc_wp\/partenaires\/\" \/>\n<meta property=\"og:locale\" content=\"fr_FR\" \/>\n<meta property=\"og:type\" content=\"article\" \/>\n<meta property=\"og:title\" content=\"Partenaires - Karat\u00e9 Club Corbas\" \/>\n<meta property=\"og:url\" content=\"http:\/\/karateclubcorbas.com\/kcc_wp\/partenaires\/\" \/>\n<meta property=\"og:site_name\" content=\"Karat\u00e9 Club Corbas\" \/>\n<meta property=\"article:modified_time\" content=\"2023-04-22T16:16:13+00:00\" \/>\n<meta name=\"twitter:label1\" content=\"Dur\u00e9e de lecture estim\u00e9e\" \/>\n\t<meta name=\"twitter:data1\" content=\"4 minutes\" \/>\n<script type=\"application\/ld+json\" class=\"yoast-schema-graph\">{\"@context\":\"https:\\\/\\\/schema.org\",\"@graph\":[{\"@type\":\"WebPage\",\"@id\":\"http:\\\/\\\/karateclubcorbas.com\\\/kcc_wp\\\/partenaires\\\/\",\"url\":\"http:\\\/\\\/karateclubcorbas.com\\\/kcc_wp\\\/partenaires\\\/\",\"name\":\"Partenaires - Karat\u00e9 Club Corbas\",\"isPartOf\":{\"@id\":\"https:\\\/\\\/karateclubcorbas.com\\\/kcc_wp\\\/#website\"},\"datePublished\":\"2016-04-06T19:43:59+00:00\",\"dateModified\":\"2023-04-22T16:16:13+00:00\",\"breadcrumb\":{\"@id\":\"http:\\\/\\\/karateclubcorbas.com\\\/kcc_wp\\\/partenaires\\\/#breadcrumb\"},\"inLanguage\":\"fr-FR\",\"potentialAction\":[{\"@type\":\"ReadAction\",\"target\":[\"http:\\\/\\\/karateclubcorbas.com\\\/kcc_wp\\\/partenaires\\\/\"]}]},{\"@type\":\"BreadcrumbList\",\"@id\":\"http:\\\/\\\/karateclubcorbas.com\\\/kcc_wp\\\/partenaires\\\/#breadcrumb\",\"itemListElement\":[{\"@type\":\"ListItem\",\"position\":1,\"name\":\"Accueil\",\"item\":\"https:\\\/\\\/karateclubcorbas.com\\\/kcc_wp\\\/\"},{\"@type\":\"ListItem\",\"position\":2,\"name\":\"Partenaires\"}]},{\"@type\":\"WebSite\",\"@id\":\"https:\\\/\\\/karateclubcorbas.com\\\/kcc_wp\\\/#website\",\"url\":\"https:\\\/\\\/karateclubcorbas.com\\\/kcc_wp\\\/\",\"name\":\"Karat\u00e9 Club Corbas\",\"description\":\"Le KCC, Depuis 1982\",\"publisher\":{\"@id\":\"https:\\\/\\\/karateclubcorbas.com\\\/kcc_wp\\\/#organization\"},\"alternateName\":\"KCC\",\"potentialAction\":[{\"@type\":\"SearchAction\",\"target\":{\"@type\":\"EntryPoint\",\"urlTemplate\":\"https:\\\/\\\/karateclubcorbas.com\\\/kcc_wp\\\/?s={search_term_string}\"},\"query-input\":{\"@type\":\"PropertyValueSpecification\",\"valueRequired\":true,\"valueName\":\"search_term_string\"}}],\"inLanguage\":\"fr-FR\"},{\"@type\":\"Organization\",\"@id\":\"https:\\\/\\\/karateclubcorbas.com\\\/kcc_wp\\\/#organization\",\"name\":\"Karat\u00e9 Club Corbas\",\"url\":\"https:\\\/\\\/karateclubcorbas.com\\\/kcc_wp\\\/\",\"logo\":{\"@type\":\"ImageObject\",\"inLanguage\":\"fr-FR\",\"@id\":\"https:\\\/\\\/karateclubcorbas.com\\\/kcc_wp\\\/#\\\/schema\\\/logo\\\/image\\\/\",\"url\":\"https:\\\/\\\/karateclubcorbas.com\\\/kcc_wp\\\/wp-content\\\/uploads\\\/2019\\\/10\\\/logo2019_2.png\",\"contentUrl\":\"https:\\\/\\\/karateclubcorbas.com\\\/kcc_wp\\\/wp-content\\\/uploads\\\/2019\\\/10\\\/logo2019_2.png\",\"width\":2004,\"height\":2004,\"caption\":\"Karat\u00e9 Club Corbas\"},\"image\":{\"@id\":\"https:\\\/\\\/karateclubcorbas.com\\\/kcc_wp\\\/#\\\/schema\\\/logo\\\/image\\\/\"},\"sameAs\":[\"http:\\\/\\\/www.instagram.com\\\/karateclubcorbas\"]}]}<\/script>\n<!-- \/ Yoast SEO plugin. -->","yoast_head_json":{"title":"Partenaires - Karat\u00e9 Club Corbas","robots":{"index":"index","follow":"follow","max-snippet":"max-snippet:-1","max-image-preview":"max-image-preview:large","max-video-preview":"max-video-preview:-1"},"canonical":"http:\/\/karateclubcorbas.com\/kcc_wp\/partenaires\/","og_locale":"fr_FR","og_type":"article","og_title":"Partenaires - Karat\u00e9 Club Corbas","og_url":"http:\/\/karateclubcorbas.com\/kcc_wp\/partenaires\/","og_site_name":"Karat\u00e9 Club Corbas","article_modified_time":"2023-04-22T16:16:13+00:00","twitter_misc":{"Dur\u00e9e de lecture estim\u00e9e":"4 minutes"},"schema":{"@context":"https:\/\/schema.org","@graph":[{"@type":"WebPage","@id":"http:\/\/karateclubcorbas.com\/kcc_wp\/partenaires\/","url":"http:\/\/karateclubcorbas.com\/kcc_wp\/partenaires\/","name":"Partenaires - Karat\u00e9 Club Corbas","isPartOf":{"@id":"https:\/\/karateclubcorbas.com\/kcc_wp\/#website"},"datePublished":"2016-04-06T19:43:59+00:00","dateModified":"2023-04-22T16:16:13+00:00","breadcrumb":{"@id":"http:\/\/karateclubcorbas.com\/kcc_wp\/partenaires\/#breadcrumb"},"inLanguage":"fr-FR","potentialAction":[{"@type":"ReadAction","target":["http:\/\/karateclubcorbas.com\/kcc_wp\/partenaires\/"]}]},{"@type":"BreadcrumbList","@id":"http:\/\/karateclubcorbas.com\/kcc_wp\/partenaires\/#breadcrumb","itemListElement":[{"@type":"ListItem","position":1,"name":"Accueil","item":"https:\/\/karateclubcorbas.com\/kcc_wp\/"},{"@type":"ListItem","position":2,"name":"Partenaires"}]},{"@type":"WebSite","@id":"https:\/\/karateclubcorbas.com\/kcc_wp\/#website","url":"https:\/\/karateclubcorbas.com\/kcc_wp\/","name":"Karat\u00e9 Club Corbas","description":"Le KCC, Depuis 1982","publisher":{"@id":"https:\/\/karateclubcorbas.com\/kcc_wp\/#organization"},"alternateName":"KCC","potentialAction":[{"@type":"SearchAction","target":{"@type":"EntryPoint","urlTemplate":"https:\/\/karateclubcorbas.com\/kcc_wp\/?s={search_term_string}"},"query-input":{"@type":"PropertyValueSpecification","valueRequired":true,"valueName":"search_term_string"}}],"inLanguage":"fr-FR"},{"@type":"Organization","@id":"https:\/\/karateclubcorbas.com\/kcc_wp\/#organization","name":"Karat\u00e9 Club Corbas","url":"https:\/\/karateclubcorbas.com\/kcc_wp\/","logo":{"@type":"ImageObject","inLanguage":"fr-FR","@id":"https:\/\/karateclubcorbas.com\/kcc_wp\/#\/schema\/logo\/image\/","url":"https:\/\/karateclubcorbas.com\/kcc_wp\/wp-content\/uploads\/2019\/10\/logo2019_2.png","contentUrl":"https:\/\/karateclubcorbas.com\/kcc_wp\/wp-content\/uploads\/2019\/10\/logo2019_2.png","width":2004,"height":2004,"caption":"Karat\u00e9 Club Corbas"},"image":{"@id":"https:\/\/karateclubcorbas.com\/kcc_wp\/#\/schema\/logo\/image\/"},"sameAs":["http:\/\/www.instagram.com\/karateclubcorbas"]}]}},"_links":{"self":[{"href":"http:\/\/karateclubcorbas.com\/kcc_wp\/wp-json\/wp\/v2\/pages\/816","targetHints":{"allow":["GET"]}}],"collection":[{"href":"http:\/\/karateclubcorbas.com\/kcc_wp\/wp-json\/wp\/v2\/pages"}],"about":[{"href":"http:\/\/karateclubcorbas.com\/kcc_wp\/wp-json\/wp\/v2\/types\/page"}],"author":[{"embeddable":true,"href":"http:\/\/karateclubcorbas.com\/kcc_wp\/wp-json\/wp\/v2\/users\/1"}],"replies":[{"embeddable":true,"href":"http:\/\/karateclubcorbas.com\/kcc_wp\/wp-json\/wp\/v2\/comments?post=816"}],"version-history":[{"count":19,"href":"http:\/\/karateclubcorbas.com\/kcc_wp\/wp-json\/wp\/v2\/pages\/816\/revisions"}],"predecessor-version":[{"id":3420,"href":"http:\/\/karateclubcorbas.com\/kcc_wp\/wp-json\/wp\/v2\/pages\/816\/revisions\/3420"}],"wp:attachment":[{"href":"http:\/\/karateclubcorbas.com\/kcc_wp\/wp-json\/wp\/v2\/media?parent=816"}],"curies":[{"name":"wp","href":"https:\/\/api.w.org\/{rel}","templated":true}]}}